59
Calculate the highest common divisor of 21381438 and 936.
78
Calculate the greatest common divisor of 3579041 and 42594.
229
Calculate the highest common divisor of 1688 and 54836368.
1688
Calculate the greatest common factor of 196 and 11072684.
28
Calculate the greatest common factor of 5223401 and 669367.
2923
What is the highest common divisor of 48082 and 142738?
58
What is the greatest common divisor of 42382503 and 1626?
813
What is the highest common divisor of 895611 and 9537?
867
Calculate the highest common factor of 6 and 338577.
3
Calculate the highest common factor of 1803907 and 93211.
5483
What is the highest common divisor of 12010392 and 434?
62
What is the highest common factor of 31336401 and 996?
249
Calculate the greatest common factor of 3672 and 5901448.
136
Calculate the highest common factor of 10773840 and 16335.
1815
What is the greatest common factor of 608 and 2144302?
38
What is the greatest common divisor of 132 and 242831184?
12
What is the greatest common factor of 5643 and 508706?
209
What is the highest common divisor of 555080 and 6940?
20
What is the greatest common divisor of 2851610 and 70?
10
What is the highest common divisor of 135 and 238852890?
45
Calculate the greatest common factor of 225900 and 330065.
1255
Calculate the highest common factor of 15790386 and 48.
6
Calculate the highest common factor of 286 and 36538073.
143
Calculate the greatest common factor of 13 and 3690876163.
13
Calculate the highest common divisor of 11763 and 7989691.
1307
What is the greatest common factor of 219 and 623639?
73
Calculate the greatest common factor of 21136 and 65829393.
1321
What is the highest common factor of 1207551335 and 565?
565
What is the greatest common divisor of 51 and 7941533?
17
What is the highest common factor of 3 and 3247595?
1
Calculate the greatest common divisor of 6389025 and 10200.
1275
Calculate the highest common divisor of 9513458 and 3196.
94
Calculate the greatest common factor of 1390411 and 11132.
121
Calculate the greatest common divisor of 4237584 and 20176.
208
Calculate the highest common factor of 371929 and 20.
1
Calculate the greatest common divisor of 123 and 339313499.
41
Calculate the highest common divisor of 1040292 and 50949.
333
What is the greatest common divisor of 5094 and 10399572?
18
Calculate the greatest common divisor of 488270 and 362315.
1555
What is the highest common factor of 198966203 and 645?
43
What is the highest common divisor of 32207593 and 11?
11
Calculate the greatest common divisor of 102 and 469128379.
17
What is the greatest common factor of 44776401 and 111?
111
What is the greatest common divisor of 32175 and 6315?
15
Calculate the highest common factor of 4769359 and 1036.
7
What is the highest common factor of 296325 and 1370997?
3951
Calculate the highest common divisor of 24 and 47508918.
6
Calculate the greatest common divisor of 5088831 and 4246.
2123
Calculate the greatest common factor of 147974992 and 66.
22
Calculate the greatest common factor of 49070 and 985.
5
What is the highest common divisor of 2152 and 132177992?
2152
Calculate the highest common factor of 9014760 and 272.
136
What is the highest common divisor of 12240 and 953360?
1360
Calculate the greatest common divisor of 246199 and 1719.
191
Calculate the greatest common divisor of 16658344 and 2144.
536
Calculate the greatest common factor of 586463136 and 3792.
3792
What is the greatest common factor of 59011848 and 8370?
1674
What is the greatest common divisor of 60465922 and 19030?
3806
What is the highest common divisor of 68 and 683788348?
68
What is the highest common divisor of 298 and 533294?
2
What is the highest common factor of 22 and 3009502408?
22
Calculate the greatest common factor of 32332060 and 30.
10
Calculate the greatest common divisor of 1939682 and 41422.
298
What is the greatest common factor of 11315532 and 1222?
94
What is the greatest common factor of 125463 and 2379?
39
What is the highest common divisor of 5376 and 10460160?
768
Calculate the greatest common divisor of 35695 and 7935323.
649
Calculate the greatest common factor of 46368 and 86480.
368
What is the greatest common factor of 5472 and 8250408?
1368
What is the greatest common divisor of 58657896 and 99?
99
What is the highest common divisor of 5244 and 69996?
228
What is the greatest common divisor of 79296540 and 69720?
4980
Calculate the highest common divisor of 696 and 18472275.
87
What is the greatest common divisor of 51 and 177012177?
51
Calculate the greatest common divisor of 117 and 2524370823.
117
Calculate the highest common factor of 1910 and 4958551.
191
Calculate the highest common divisor of 198254 and 35.
7
What is the greatest common divisor of 10155061 and 2454?
409
What is the greatest common factor of 28425 and 30975?
75
Calculate the highest common factor of 304873 and 2044607.
2797
Calculate the highest common divisor of 5746 and 409787482.
5746
What is the greatest common factor of 586279 and 2057?
17
Calculate the greatest common divisor of 4704117 and 297.
33
What is the highest common factor of 20274850 and 60?
10
What is the highest common divisor of 139 and 44484170?
139
What is the greatest common factor of 8088 and 85935?
1011
Calculate the greatest common factor of 11 and 1684363934.
11
What is the greatest common factor of 14625 and 7826?
13
What is the highest common divisor of 8 and 256042?
2
What is the highest common divisor of 38092 and 282753?
89
Calculate the greatest common divisor of 120 and 21904152.
24
What is the highest common divisor of 16045887 and 565?
113
What is the highest common factor of 6870249 and 144?
9
What is the greatest common divisor of 39515 and 12705?
35
Calculate the greatest common divisor of 658257 and 154887.
51
What is the greatest common factor of 11256081 and 139?
139
Calculate the greatest common factor of 16779 and 4068491.
119
What is the highest common divisor of 663 and 56828161?
221
Calculate the highest common divisor of 1674570514 and 1844.
922
Calculate the highest common divisor of 3402 and 3162321.
81
What is the greatest common factor of 6649 and 159903?
109
Calculate the greatest common divisor of 8110122 and 6256.
782
What is the greatest common factor of 30 and 1187779890?
30
Calculate the greatest common divisor of 1751 and 1273045.
17
Calculate the greatest common divisor of 2094326 and 90688.
2834
What is the greatest common divisor of 39 and 624403?
13
Calculate the greatest common factor of 47831063 and 609.
203
What is the highest common divisor of 1804737 and 27?
3
Calculate the greatest common divisor of 399454 and 10569.
271
Calculate the greatest common divisor of 325 and 50782225.
325
What is the greatest common divisor of 1034653850 and 50?
50
What is the highest common divisor of 21658968 and 58026?
3054
Calculate the greatest common divisor of 36 and 2274208.
4
Calculate the greatest common divisor of 10802584 and 1704.
8
What is the highest common divisor of 81511008 and 4530?
906
Calculate the greatest common factor of 52494 and 2250846.
78
Calculate the highest common factor of 82658697 and 1278.
213
Calculate the greatest common divisor of 94 and 83330.
2
Calculate the highest common factor of 1366871 and 451.
11
What is the highest common factor of 15 and 5514325?
5
What is the greatest common divisor of 1996895234 and 1906?
1906
Calculate the greatest common divisor of 12 and 5528888.
4
Calculate the highest common divisor of 18513 and 8551.
17
What is the highest common divisor of 226583 and 5?
1
Calculate the highest common divisor of 186832 and 1792.
16
Calculate the highest common factor of 1042815 and 125115.
285
What is the highest common divisor of 117079875 and 3300?
825
Calculate the greatest common factor of 110 and 1236722564.
22
Calculate the highest common factor of 244 and 237972.
4
What is the greatest common factor of 810 and 7757910?
270
What is the greatest common divisor of 38 and 2388562?
2
Calculate the highest common divisor of 419209 and 35.
7
Calculate the highest common factor of 291 and 98865795.
291
What is the greatest common divisor of 74958 and 2262?
78
What is the greatest common factor of 414003 and 5487?
177
What is the highe